is the units digit of w(-10)?
3
Suppose l - 5*l - 4*r = -16, 4*l = -5*r + 17. What is the units digit of 135/18*4/l?
0
Let l(f) = -654*f - 225. What is the thousands digit of l(-8)?
5
Suppose 28 = -5*a + 4*f - 414, 0 = 4*a - 3*f + 354. What is the tens digit of (a/4)/(3/(-6))?
4
Let w(q) = -q**3 + q**2 + 3*q + 3. Let p be w(3). Let o be (-1)/p - 2715/90. What is the units digit of (-1205)/o + (-1)/6?
0
Let s(a) = a**3 - 7*a**2 + 6*a + 5. Let j be s(6). Let m be 5*(1 + 5/5). What is the tens digit of (2 - -120)*j/m?
6
Suppose -88*u = -84*u + 340. Let i = u - -191. What is the hundreds digit of i?
1
Let w = -3 + -10. Let h(k) = k + 25. Let p be h(-10). Let m = p - w. What is the tens digit of m?
2
Let a(w) = w**2 - 6*w. Let v be a(6). Suppose p = -g + 22, v = -5*p + 1 - 16. What is the units digit of g?
5
Suppose 5*f = -3*y + 2738, 4*y = -f + 2*f - 566. Let l = 833 - f. What is the hundreds digit of l?
2
Let x(q) = -q**2 - q - 2. Let y be x(2). Let v be (24/14)/(y/(-28)). Let u(z) = z**2 + 3*z - 9. What is the units digit of u(v)?
5
Let m(s) = 12*s**2 - 2 - 11 + s**3 + 6*s + 3. Suppose 4*u + 50 = -2*i, -3*u - i + 2*i - 30 = 0. What is the tens digit of m(u)?
4
Suppose -2*f + 2*n + 34 = -3*n, 5*f = -2*n + 27. Suppose 10 = -2*o + f*o. Suppose 5*v - 162 = o*v. What is the units digit of v?
4
Let v = -3 - 27. What is the tens digit of ((-72)/(-15))/(-6)*v?
2
Suppose -9786 = -d - 20*d. What is the hundreds digit of d?
4
Let u(q) = -10*q + 22. Suppose -2*t = 2*t + 28. Let f(p) = 3*p - 7. Let r(l) = t*f(l) - 2*u(l). What is the units digit of r(-6)?
1
Suppose -5*d = 3 - 13. Suppose d*p = -p. Suppose 3*o + 0*o - 174 = p. What is the tens digit of o?
5
Let m(v) = 101 - 101 + 8*v. Let h be m(1). What is the units digit of (-1 + 4)/(-7 + h)?
3
Let a be (-4 + 4 - 10)/(-1 + 3). Let f(j) = -j**3 - 4*j**2 + 2*j + 5. What is the tens digit of f(a)?
2
Suppose x - 4*f - 268 = -3*x, 5*f = -4*x + 295. Let d = x - 36. What is the tens digit of d?
3
Let a = 25 + 49. Let i = 116 - a. Let b = 0 + i. What is the units digit of b?
2
Let s = 73 - -36. Let c = -38 + s. What is the units digit of c?
1
Suppose -25*r + 71 = -629. Suppose 30 = 5*h + 4*p - 13, -3*h + 25 = 2*p. Let k = r - h. What is the tens digit of k?
2
Suppose p + 21 = 54. Suppose -31*m - 56 = -p*m. What is the tens digit of m?
2
Let s(m) = -347*m**3 + 6*m**2 - 6*m - 3. What is the thousands digit of s(-2)?
2
Let t = 118 + -70. Let y = t + -5. What is the tens digit of y?
4
Suppose -22*h + 6*h + 5408 = 0. What is the tens digit of h?
3
Let u be (36/16)/((-12)/(-32)). Let d be (2/u)/((-4)/(-24)). What is the units digit of (-6 - 9)*d/(-6)?
5
Let u be 0/(-1) - (12 + -15). Suppose 2*g - u*d - 74 = d, 44 = g + 5*d. What is the units digit of g?
9
Suppose 3*v = 2*v. Suppose 120 = 2*f - v*f. What is the tens digit of (f/(-16))/((-1)/4)?
1
Let j = 138 + -105. Let a = -15 + j. What is the tens digit of a?
1
Let n(i) = i + 1. Let o(a) = -a**3 - 8*a**2 - a + 6. Let d(w) = n(w) - o(w). What is the tens digit of d(-5)?
6
Let o(r) = 2*r**2 + 12*r + 19. What is the tens digit of o(-17)?
9
Let i(x) = 2*x**3 - 13*x**2 + 21*x + 18. What is the units digit of i(8)?
8
Let l = -76 - -80. Suppose -186 = -l*x - 3*t, -5*x - 4*t = -104 - 128. What is the units digit of x?
8
Let v be (-2 + 1 + 2)*5. Let l(h) = 6*h + 1. Let u be l(1). Suppose 3*k - u = v. What is the units digit of k?
4
Suppose 9*t - 665 + 17 = 0. Suppose -t = 11*b - 12*b. What is the units digit of b?
2
Suppose p - 5*a = -2*p + 10519, 4*p - 4*a = 14012. What is the units digit of p?
8
Suppose 0*p + 21 = h - 4*p, -3*p - 12 = 0. Suppose -h*a = -8*a + 57. What is the tens digit of a?
1
Let s be ((-4)/(-6))/(2/3). Let u(x) = -8*x**2 + 26*x**2 + 3*x - 6*x**2 - 1 - x. What is the tens digit of u(s)?
1
What is the hundreds digit of 457 - 5 - (6 - 4 - -2)?
4
Let f = -506 + 164. What is the units digit of f/(-21) - (-6)/(-21)?
6
Let w = -329 + 393. Let k = 81 + -50. Suppose -5*b - 2*v + 55 = -k, 5*v = 3*b - w. What is the tens digit of b?
1
What is the units digit of (4 - 3) + 270 + -6?
5
Suppose -78 = 15*y - 16*y. Suppose -y = -2*v + 198. What is the hundreds digit of v?
1
What is the units digit of (-62)/((1/3)/(1/(-3)))?
2
Let l be ((-8)/(-6))/((-1)/(-3)). Let z(n) = 7*n**2 - 19*n + 34. Let i be z(2). Let o = i + l. What is the units digit of o?
8
Suppose -1 = -5*s + 84. Suppose s*g - 14*g - 9 = 0. What is the units digit of g?
3
Let z(m) = -m**3 - 5*m**2 - 5*m - 2. Let f be z(-4). What is the units digit of 1 - (f - 69) - 3?
5
Let v be 14 - 1 - (1 - 3). Suppose -v*t = -20*t + 80. What is the tens digit of t?
1
Let r be (14/(-6) + 0)*-6. Let z = r - 12. What is the units digit of z?
2
Suppose -40 - 40 = -2*s. Suppose 3*d - s + 4 = 0. Let a = d - 8. What is the units digit of a?
4
Let l(r) = -r**2 - 16*r - 1. Let v be l(-8). Let n be v/12 - (-1)/(-4). Suppose -2*k = -n*k + 72. What is the units digit of k?
4
Suppose -5*j = 5*k - 1435, -3*k + j - 1431 = -8*k. What is the tens digit of k?
8
Let p(z) = z**3 + 8*z**2 - z - 11. Let w be p(-8). What is the tens digit of 4*43/(-6)*w?
8
Let n(p) = p**2 + 8*p + 205. What is the units digit of n(-44)?
9
Suppose -5*k = -528 - 257. Let z = 234 - k. What is the units digit of z?
7
What is the units digit of 18/(-12)*-2 - -22*82?
7
Let a be 287 - (3 - (9 + -2)). Suppose w - 4*w = -a. What is the tens digit of w?
9
Suppose 0 = 3*c, 3*y - 4*c + 7 = 2*y. Let g = y + 14. What is the units digit of g?
7
Suppose -j - 4*j = 3*q - 10338, 3*j + q = 6202. What is the thousands digit of j?
2
Suppose 3*b + 14 = y, 0 = 3*y - 5*b - 21 - 5. Let m(d) = 19*d**2 + 10*d + 3 - 20*d**y + 3. What is the tens digit of m(9)?
1
What is the units digit of (-6)/15 - 14*2182/(-20)?
7
Let o be (1/(-3))/((-1)/6). Suppose 3 = o*a - 13. Suppose 4*w - a = -0. What is the units digit of w?
2
Let z(u) = -6*u. Let j be z(-2). Let l(m) = 7*m - 18. Let h be l(3). Suppose 0 = -g + j - h. What is the units digit of g?
9
Suppose 1121 + 7465 = 3*l. What is the tens digit of l?
6
Let w be ((-726)/(-55))/((-2)/(-10)). Let y = 131 - w. What is the units digit of y?
5
Suppose -f - 3*j + 3701 = 783, -5*f + 2*j = -14505. What is the hundreds digit of f?
9
Let s = 1184 - 828. Let t = -136 + s. What is the tens digit of t?
2
Let b = -123 + 80. Let o = -93 - b. What is the tens digit of o*3*12/(-45)?
4
Suppose 3*v + c = 173, v = -4*v - 5*c + 295. Let g = v - 36. What is the units digit of g?
1
Let q be ((-10)/12)/(7/(-42)). Let w = q + -19. Let r = 2 - w. What is the tens digit of r?
1
Suppose -4*k = -n - 242, -5*k - 4*n = -0*k - 292. Suppose -4*l + 5*u - k = u, 0 = -5*l + 2*u - 60. Let r = l - -18. What is the units digit of r?
8
Let x(b) = b**3 + 3*b**2 - b + 1. Let h be x(-2). Suppose 22 = 5*d - 2*p, 2*d - p - h = 2. Suppose -2*g + d*g = 40. What is the units digit of g?
0
Suppose -3615 = -2566*k + 2561*k. What is the tens digit of k?
2
Suppose 0 = 10*c - 5108 + 1438. What is the tens digit of c?
6
Let m(h) = 3*h - 1. Let q(g) = -g**3 - 7*g**2 - 6*g + 1. Let i be q(-6). Let y be m(i). What is the tens digit of -4*(-4 - (-2 + y))?
1
Let h = -352 + 761. What is the units digit of h?
9
Let d(r) = 117*r**3 - 2*r**2 + 6*r - 3. What is the tens digit of d(2)?
3
Let m(y) = -3 + 5*y - 3 + 1 + 4. Let b be m(-1). What is the tens digit of 4/b - 53/(-3)?
1
Suppose w + 0*w = 4. Suppose -j - 5*a = 10, -w*j + 9*j - 4*a = 8. Suppose 0 = 2*i - 3*y - 61, j*y + 2*y + 6 = 0. What is the units digit of i?
6
Suppose 0 = 2*u - 56 - 56. Let h = 113 + u. What is the units digit of h?
9
What is the thousands digit of ((-126)/(-35))/(-9)*-355*15?
2
Suppose 0 = 2386*h - 2380*h - 7596. What is the thousands digit of h?
1
Let c(f) = f**2 + f + 1. Let z be c(-1). Suppose -4*n - z = -17. Suppose -n*o + 130 = -0*o + 3*b, 0 = 5*o - 4*b - 147. What is the units digit of o?
1
Let s(z) = -z**3 + 8*z**2 + 7*z - 15. Let j be s(-5). Suppose 0 = -3*r - 2*w + j, 271 = -r + 4*r - 2*w. What is the tens digit of r?
9
What is the tens digit of (-8)/(-8 + 0)*(1933 - 2)?
3
Let t = 3591 - 2386. What is the units digit of t?
5
Let w(r) = -33*r + 57. Let z(q) = 17*q - 29. Let i(y) = -6*w(y) - 11*z(y). What is the hundreds digit of i(23)?
2
Let y(g) = 24*g**2 - 13*g + 1. What is the tens digit of y(-6)?
4
Let u(b) = -11*b**2 - 2